Last updated on 2022-04-24 03:52:33 CEST.
Flavor | Version | Tinstall | Tcheck | Ttotal | Status | Flags |
---|---|---|---|---|---|---|
r-devel-linux-x86_64-debian-clang | 1.0.5 | 55.71 | 79.88 | 135.59 | OK | |
r-devel-linux-x86_64-debian-gcc | 1.0.5 | 50.81 | 59.92 | 110.73 | OK | |
r-devel-linux-x86_64-fedora-clang | 1.0.5 | 175.37 | OK | |||
r-devel-linux-x86_64-fedora-gcc | 1.0.5 | 151.66 | OK | |||
r-patched-linux-x86_64 | 1.0.5 | 47.98 | 75.58 | 123.56 | OK | |
r-release-linux-x86_64 | 1.0.5 | 44.06 | 75.71 | 119.77 | OK | |
r-release-macos-arm64 | 1.0.5 | NOTE | ||||
r-release-macos-x86_64 | 1.0.5 | NOTE | ||||
r-release-windows-x86_64 | 1.0.5 | 47.00 | 127.00 | 174.00 | OK | |
r-oldrel-macos-arm64 | 1.0.5 | NOTE | ||||
r-oldrel-macos-x86_64 | 1.0.5 | NOTE | ||||
r-oldrel-windows-ix86+x86_64 | 1.0.5 | 106.00 | 133.00 | 239.00 | OK |
Version: 1.0.5
Check: installed package size
Result: NOTE
installed size is 6.4Mb
sub-directories of 1Mb or more:
libs 4.7Mb
Flavors: r-release-macos-arm64, r-release-macos-x86_64, r-oldrel-macos-arm64, r-oldrel-macos-x86_64