Last updated on 2022-04-24 03:52:33 CEST.
Flavor | Version | Tinstall | Tcheck | Ttotal | Status | Flags |
---|---|---|---|---|---|---|
r-devel-linux-x86_64-debian-clang | 1.0.3 | 49.81 | 167.63 | 217.44 | NOTE | |
r-devel-linux-x86_64-debian-gcc | 1.0.3 | 38.42 | 123.37 | 161.79 | NOTE | |
r-devel-linux-x86_64-fedora-clang | 1.0.3 | 283.98 | NOTE | |||
r-devel-linux-x86_64-fedora-gcc | 1.0.3 | 264.89 | NOTE | |||
r-patched-linux-x86_64 | 1.0.3 | 49.95 | 155.24 | 205.19 | OK | |
r-release-linux-x86_64 | 1.0.3 | 43.82 | 144.43 | 188.25 | OK | |
r-release-macos-arm64 | 1.0.3 | OK | ||||
r-release-macos-x86_64 | 1.0.3 | OK | ||||
r-release-windows-x86_64 | 1.0.3 | 64.00 | 201.00 | 265.00 | OK | |
r-oldrel-macos-arm64 | 1.0.3 | OK | ||||
r-oldrel-macos-x86_64 | 1.0.3 | OK | ||||
r-oldrel-windows-ix86+x86_64 | 1.0.3 | 114.00 | 247.00 | 361.00 | OK |
Version: 1.0.3
Check: Rd files
Result: NOTE
checkRd: (7) file 'pcoxtime.Rd': \item in \value must have non-empty label
Flavors: r-devel-linux-x86_64-debian-clang, r-devel-linux-x86_64-debian-gcc, r-devel-linux-x86_64-fedora-clang, r-devel-linux-x86_64-fedora-gcc