Last updated on 2022-04-24 03:52:33 CEST.
Flavor | Version | Tinstall | Tcheck | Ttotal | Status | Flags |
---|---|---|---|---|---|---|
r-devel-linux-x86_64-debian-clang | 0.9.3 | 4.34 | 239.41 | 243.75 | OK | |
r-devel-linux-x86_64-debian-gcc | 0.9.3 | 3.31 | 174.74 | 178.05 | OK | |
r-devel-linux-x86_64-fedora-clang | 0.9.3 | 292.86 | NOTE | |||
r-devel-linux-x86_64-fedora-gcc | 0.9.3 | 256.85 | NOTE | |||
r-patched-linux-x86_64 | 0.9.3 | 3.31 | 225.37 | 228.68 | OK | |
r-release-linux-x86_64 | 0.9.3 | 3.22 | 236.69 | 239.91 | OK | |
r-release-macos-arm64 | 0.9.3 | NOTE | ||||
r-release-macos-x86_64 | 0.9.3 | NOTE | ||||
r-release-windows-x86_64 | 0.9.3 | 38.00 | 356.00 | 394.00 | NOTE | |
r-oldrel-macos-arm64 | 0.9.3 | NOTE | ||||
r-oldrel-macos-x86_64 | 0.9.3 | NOTE | ||||
r-oldrel-windows-ix86+x86_64 | 0.9.3 | 9.00 | 324.00 | 333.00 | NOTE |
Version: 0.9.3
Check: installed package size
Result: NOTE
installed size is 8.9Mb
sub-directories of 1Mb or more:
doc 7.6Mb
Flavors: r-devel-linux-x86_64-fedora-clang, r-release-macos-arm64, r-release-macos-x86_64, r-release-windows-x86_64, r-oldrel-macos-arm64, r-oldrel-macos-x86_64, r-oldrel-windows-ix86+x86_64
Version: 0.9.3
Check: data for non-ASCII characters
Result: NOTE
Note: found 11 marked UTF-8 strings
Flavors: r-devel-linux-x86_64-fedora-clang, r-devel-linux-x86_64-fedora-gcc, r-release-macos-arm64, r-release-macos-x86_64, r-oldrel-macos-arm64, r-oldrel-macos-x86_64