Last updated on 2022-04-24 03:52:33 CEST.
Flavor | Version | Tinstall | Tcheck | Ttotal | Status | Flags |
---|---|---|---|---|---|---|
r-devel-linux-x86_64-debian-clang | 1.2.4 | 114.09 | 101.37 | 215.46 | NOTE | |
r-devel-linux-x86_64-debian-gcc | 1.2.4 | 87.52 | 71.46 | 158.98 | NOTE | |
r-devel-linux-x86_64-fedora-clang | 1.2.4 | 307.99 | NOTE | |||
r-devel-linux-x86_64-fedora-gcc | 1.2.4 | 266.46 | NOTE | |||
r-patched-linux-x86_64 | 1.2.4 | 94.31 | 93.49 | 187.80 | NOTE | |
r-release-linux-x86_64 | 1.2.4 | 90.00 | 93.39 | 183.39 | NOTE | |
r-release-macos-arm64 | 1.2.4 | NOTE | ||||
r-release-macos-x86_64 | 1.2.4 | NOTE | ||||
r-release-windows-x86_64 | 1.2.4 | 104.00 | 147.00 | 251.00 | NOTE | |
r-oldrel-macos-arm64 | 1.2.4 | NOTE | ||||
r-oldrel-macos-x86_64 | 1.2.4 | NOTE | ||||
r-oldrel-windows-ix86+x86_64 | 1.2.4 | 232.00 | 151.00 | 383.00 | NOTE |
Version: 1.2.4
Check: LazyData
Result: NOTE
'LazyData' is specified without a 'data' directory
Flavors: r-devel-linux-x86_64-debian-clang, r-devel-linux-x86_64-debian-gcc, r-devel-linux-x86_64-fedora-clang, r-devel-linux-x86_64-fedora-gcc, r-patched-linux-x86_64, r-release-linux-x86_64, r-release-macos-arm64, r-release-macos-x86_64, r-release-windows-x86_64, r-oldrel-macos-arm64, r-oldrel-macos-x86_64, r-oldrel-windows-ix86+x86_64
Version: 1.2.4
Check: installed package size
Result: NOTE
installed size is 5.6Mb
sub-directories of 1Mb or more:
libs 4.7Mb
Flavors: r-devel-linux-x86_64-fedora-clang, r-release-macos-arm64, r-release-macos-x86_64, r-oldrel-macos-arm64, r-oldrel-macos-x86_64