Last updated on 2022-04-24 03:52:33 CEST.
Flavor | Version | Tinstall | Tcheck | Ttotal | Status | Flags |
---|---|---|---|---|---|---|
r-devel-linux-x86_64-debian-clang | 1.0.3 | 11.50 | 40.46 | 51.96 | OK | |
r-devel-linux-x86_64-debian-gcc | 1.0.3 | 13.40 | 30.50 | 43.90 | OK | |
r-devel-linux-x86_64-fedora-clang | 1.0.3 | 63.59 | NOTE | |||
r-devel-linux-x86_64-fedora-gcc | 1.0.3 | 83.35 | NOTE | |||
r-patched-linux-x86_64 | 1.0.3 | 20.89 | 38.10 | 58.99 | OK | |
r-release-linux-x86_64 | 1.0.3 | 24.80 | 37.86 | 62.66 | OK | |
r-release-macos-arm64 | 1.0.3 | OK | ||||
r-release-macos-x86_64 | 1.0.3 | OK | ||||
r-release-windows-x86_64 | 1.0.3 | 35.00 | 57.00 | 92.00 | OK | |
r-oldrel-macos-arm64 | 1.0.3 | OK | ||||
r-oldrel-macos-x86_64 | 1.0.3 | OK | ||||
r-oldrel-windows-ix86+x86_64 | 1.0.3 | 34.00 | 56.00 | 90.00 | OK |
Version: 1.0.3
Check: compiled code
Result: NOTE
File ‘pdc/libs/pdc.so’:
Found no calls to: ‘R_registerRoutines’, ‘R_useDynamicSymbols’
It is good practice to register native routines and to disable symbol
search.
See ‘Writing portable packages’ in the ‘Writing R Extensions’ manual.
Flavors: r-devel-linux-x86_64-fedora-clang, r-devel-linux-x86_64-fedora-gcc