Last updated on 2022-04-24 03:52:33 CEST.
| Flavor | Version | Tinstall | Tcheck | Ttotal | Status | Flags | 
|---|---|---|---|---|---|---|
| r-devel-linux-x86_64-debian-clang | 3.2.0 | 23.77 | 43.84 | 67.61 | OK | |
| r-devel-linux-x86_64-debian-gcc | 3.2.0 | 21.74 | 34.23 | 55.97 | OK | |
| r-devel-linux-x86_64-fedora-clang | 3.2.0 | 55.41 | OK | |||
| r-devel-linux-x86_64-fedora-gcc | 3.2.0 | 77.60 | OK | |||
| r-patched-linux-x86_64 | 3.2.0 | 22.08 | 42.84 | 64.92 | OK | |
| r-release-linux-x86_64 | 3.2.0 | 20.33 | 40.84 | 61.17 | OK | |
| r-release-macos-arm64 | 3.2.0 | NOTE | ||||
| r-release-macos-x86_64 | 3.2.0 | NOTE | ||||
| r-release-windows-x86_64 | 3.2.0 | 86.00 | 111.00 | 197.00 | NOTE | |
| r-oldrel-macos-arm64 | 3.2.0 | NOTE | ||||
| r-oldrel-macos-x86_64 | 3.2.0 | NOTE | ||||
| r-oldrel-windows-ix86+x86_64 | 3.2.0 | 68.00 | 111.00 | 179.00 | NOTE | 
Version: 3.2.0
Check: installed package size
Result: NOTE
      installed size is 40.4Mb
      sub-directories of 1Mb or more:
        libs   27.5Mb
        share  12.8Mb
Flavors: r-release-macos-arm64, r-release-macos-x86_64, r-release-windows-x86_64, r-oldrel-macos-arm64, r-oldrel-macos-x86_64, r-oldrel-windows-ix86+x86_64