Last updated on 2022-04-24 03:52:33 CEST.
Flavor | Version | Tinstall | Tcheck | Ttotal | Status | Flags |
---|---|---|---|---|---|---|
r-devel-linux-x86_64-debian-clang | 1.2 | 2.73 | 32.08 | 34.81 | NOTE | |
r-devel-linux-x86_64-debian-gcc | 1.2 | 2.13 | 25.21 | 27.34 | NOTE | |
r-devel-linux-x86_64-fedora-clang | 1.2 | 43.24 | NOTE | |||
r-devel-linux-x86_64-fedora-gcc | 1.2 | 31.35 | NOTE | |||
r-patched-linux-x86_64 | 1.2 | 2.44 | 31.26 | 33.70 | NOTE | |
r-release-linux-x86_64 | 1.2 | 2.36 | 30.35 | 32.71 | NOTE | |
r-release-macos-arm64 | 1.2 | NOTE | ||||
r-release-macos-x86_64 | 1.2 | NOTE | ||||
r-release-windows-x86_64 | 1.2 | 9.00 | 51.00 | 60.00 | NOTE | |
r-oldrel-macos-arm64 | 1.2 | NOTE | ||||
r-oldrel-macos-x86_64 | 1.2 | NOTE | ||||
r-oldrel-windows-ix86+x86_64 | 1.2 | 7.00 | 35.00 | 42.00 | NOTE |
Version: 1.2
Check: dependencies in R code
Result: NOTE
Package in Depends field not imported from: 'methods'
These packages need to be imported from (in the NAMESPACE file)
for when this namespace is loaded but not attached.
Flavors: r-devel-linux-x86_64-debian-clang, r-devel-linux-x86_64-debian-gcc, r-devel-linux-x86_64-fedora-clang, r-devel-linux-x86_64-fedora-gcc, r-patched-linux-x86_64, r-release-linux-x86_64, r-release-macos-arm64, r-release-macos-x86_64, r-release-windows-x86_64, r-oldrel-macos-arm64, r-oldrel-macos-x86_64, r-oldrel-windows-ix86+x86_64
Version: 1.2
Check: R code for possible problems
Result: NOTE
pdist: no visible global function definition for 'dist'
pdist: no visible global function definition for 'new'
Undefined global functions or variables:
dist new
Consider adding
importFrom("methods", "new")
importFrom("stats", "dist")
to your NAMESPACE file (and ensure that your DESCRIPTION Imports field
contains 'methods').
Flavors: r-devel-linux-x86_64-debian-clang, r-devel-linux-x86_64-debian-gcc, r-devel-linux-x86_64-fedora-clang, r-devel-linux-x86_64-fedora-gcc, r-patched-linux-x86_64, r-release-linux-x86_64, r-release-macos-arm64, r-release-macos-x86_64, r-release-windows-x86_64, r-oldrel-macos-arm64, r-oldrel-macos-x86_64, r-oldrel-windows-ix86+x86_64
Version: 1.2
Check: compiled code
Result: NOTE
File ‘pdist/libs/pdist.so’:
Found no calls to: ‘R_registerRoutines’, ‘R_useDynamicSymbols’
It is good practice to register native routines and to disable symbol
search.
See ‘Writing portable packages’ in the ‘Writing R Extensions’ manual.
Flavors: r-devel-linux-x86_64-fedora-clang, r-devel-linux-x86_64-fedora-gcc