Last updated on 2022-04-24 03:52:33 CEST.
Flavor | Version | Tinstall | Tcheck | Ttotal | Status | Flags |
---|---|---|---|---|---|---|
r-devel-linux-x86_64-debian-clang | 0.3.0 | 9.37 | 165.61 | 174.98 | NOTE | |
r-devel-linux-x86_64-debian-gcc | 0.3.0 | 5.63 | 122.12 | 127.75 | NOTE | |
r-devel-linux-x86_64-fedora-clang | 0.3.0 | 205.17 | NOTE | |||
r-devel-linux-x86_64-fedora-gcc | 0.3.0 | 189.00 | NOTE | |||
r-patched-linux-x86_64 | 0.3.0 | 9.30 | 155.09 | 164.39 | NOTE | |
r-release-linux-x86_64 | 0.3.0 | 7.19 | 157.03 | 164.22 | NOTE | |
r-release-macos-arm64 | 0.3.0 | NOTE | ||||
r-release-macos-x86_64 | 0.3.0 | NOTE | ||||
r-release-windows-x86_64 | 0.3.0 | 106.00 | 201.00 | 307.00 | NOTE | |
r-oldrel-macos-arm64 | 0.3.0 | NOTE | ||||
r-oldrel-macos-x86_64 | 0.3.0 | NOTE | ||||
r-oldrel-windows-ix86+x86_64 | 0.3.0 | 17.00 | 190.00 | 207.00 | NOTE |
Version: 0.3.0
Check: LazyData
Result: NOTE
'LazyData' is specified without a 'data' directory
Flavors: r-devel-linux-x86_64-debian-clang, r-devel-linux-x86_64-debian-gcc, r-devel-linux-x86_64-fedora-clang, r-devel-linux-x86_64-fedora-gcc, r-patched-linux-x86_64, r-release-linux-x86_64, r-release-macos-arm64, r-release-macos-x86_64, r-release-windows-x86_64, r-oldrel-macos-arm64, r-oldrel-macos-x86_64, r-oldrel-windows-ix86+x86_64