Last updated on 2022-04-24 03:52:33 CEST.
Flavor | Version | Tinstall | Tcheck | Ttotal | Status | Flags |
---|---|---|---|---|---|---|
r-devel-linux-x86_64-debian-clang | 0.5.0 | 11.28 | 121.23 | 132.51 | OK | |
r-devel-linux-x86_64-debian-gcc | 0.5.0 | 9.92 | 88.39 | 98.31 | OK | |
r-devel-linux-x86_64-fedora-clang | 0.5.0 | 164.44 | NOTE | |||
r-devel-linux-x86_64-fedora-gcc | 0.5.0 | 154.39 | NOTE | |||
r-patched-linux-x86_64 | 0.5.0 | 8.58 | 114.21 | 122.79 | OK | |
r-release-linux-x86_64 | 0.5.0 | 7.05 | 106.34 | 113.39 | OK | |
r-release-macos-arm64 | 0.5.0 | NOTE | ||||
r-release-macos-x86_64 | 0.5.0 | NOTE | ||||
r-release-windows-x86_64 | 0.5.0 | 21.00 | 126.00 | 147.00 | OK | |
r-oldrel-macos-arm64 | 0.5.0 | NOTE | ||||
r-oldrel-macos-x86_64 | 0.5.0 | NOTE | ||||
r-oldrel-windows-ix86+x86_64 | 0.5.0 | 28.00 | 125.00 | 153.00 | OK |
Version: 0.5.0
Check: dependencies in R code
Result: NOTE
Namespace in Imports field not imported from: ‘rms’
All declared Imports should be used.
Flavors: r-devel-linux-x86_64-fedora-clang, r-devel-linux-x86_64-fedora-gcc, r-release-macos-arm64, r-release-macos-x86_64, r-oldrel-macos-arm64, r-oldrel-macos-x86_64