Last updated on 2022-04-24 03:52:33 CEST.
Flavor | Version | Tinstall | Tcheck | Ttotal | Status | Flags |
---|---|---|---|---|---|---|
r-devel-linux-x86_64-debian-clang | 1.0.0 | 46.84 | 450.37 | 497.21 | OK | |
r-devel-linux-x86_64-debian-gcc | 1.0.0 | 40.27 | 327.81 | 368.08 | OK | |
r-devel-linux-x86_64-fedora-clang | 1.0.0 | 634.47 | NOTE | |||
r-devel-linux-x86_64-fedora-gcc | 1.0.0 | 588.29 | NOTE | |||
r-patched-linux-x86_64 | 1.0.0 | 51.28 | 434.79 | 486.07 | OK | |
r-release-linux-x86_64 | 1.0.0 | 45.70 | 412.66 | 458.36 | OK | |
r-release-macos-arm64 | 1.0.0 | NOTE | ||||
r-release-macos-x86_64 | 1.0.0 | NOTE | ||||
r-release-windows-x86_64 | 1.0.0 | 143.00 | 583.00 | 726.00 | OK | |
r-oldrel-macos-arm64 | 1.0.0 | NOTE | ||||
r-oldrel-macos-x86_64 | 1.0.0 | NOTE | ||||
r-oldrel-windows-ix86+x86_64 | 1.0.0 | 80.00 | 754.00 | 834.00 | OK |
Version: 1.0.0
Check: dependencies in R code
Result: NOTE
Namespace in Imports field not imported from: ‘lifecycle’
All declared Imports should be used.
Flavors: r-devel-linux-x86_64-fedora-clang, r-devel-linux-x86_64-fedora-gcc, r-release-macos-arm64, r-release-macos-x86_64, r-oldrel-macos-arm64, r-oldrel-macos-x86_64