Last updated on 2022-04-24 03:52:33 CEST.
Flavor | Version | Tinstall | Tcheck | Ttotal | Status | Flags |
---|---|---|---|---|---|---|
r-devel-linux-x86_64-debian-clang | 2022.03.06 | 18.68 | 135.01 | 153.69 | NOTE | |
r-devel-linux-x86_64-debian-gcc | 2022.03.06 | 14.79 | 98.46 | 113.25 | NOTE | |
r-devel-linux-x86_64-fedora-clang | 2022.03.06 | 188.38 | NOTE | |||
r-devel-linux-x86_64-fedora-gcc | 2022.03.06 | 181.42 | NOTE | |||
r-patched-linux-x86_64 | 2022.03.06 | 21.02 | 127.97 | 148.99 | OK | |
r-release-linux-x86_64 | 2022.03.06 | 12.51 | 118.97 | 131.48 | OK | |
r-release-macos-arm64 | 2022.03.06 | OK | ||||
r-release-macos-x86_64 | 2022.03.06 | OK | ||||
r-release-windows-x86_64 | 2022.03.06 | 43.00 | 145.00 | 188.00 | OK | |
r-oldrel-macos-arm64 | 2022.03.06 | OK | ||||
r-oldrel-macos-x86_64 | 2022.03.06 | OK | ||||
r-oldrel-windows-ix86+x86_64 | 2022.03.06 | 40.00 | 191.00 | 231.00 | OK |
Version: 2022.03.06
Check: Rd files
Result: NOTE
checkRd: (7) file 'pec.Rd': \item in \describe must have non-empty label
Flavors: r-devel-linux-x86_64-debian-clang, r-devel-linux-x86_64-debian-gcc, r-devel-linux-x86_64-fedora-clang, r-devel-linux-x86_64-fedora-gcc