Last updated on 2022-04-24 03:52:33 CEST.
Flavor | Version | Tinstall | Tcheck | Ttotal | Status | Flags |
---|---|---|---|---|---|---|
r-devel-linux-x86_64-debian-clang | 0.1.0 | 126.44 | 82.21 | 208.65 | OK | |
r-devel-linux-x86_64-debian-gcc | 0.1.0 | 101.20 | 62.53 | 163.73 | OK | |
r-devel-linux-x86_64-fedora-clang | 0.1.0 | 321.05 | NOTE | |||
r-devel-linux-x86_64-fedora-gcc | 0.1.0 | 275.66 | OK | |||
r-patched-linux-x86_64 | 0.1.0 | 111.92 | 83.32 | 195.24 | OK | |
r-release-linux-x86_64 | 0.1.0 | 113.27 | 81.83 | 195.10 | OK | |
r-release-macos-arm64 | 0.1.0 | NOTE | ||||
r-release-macos-x86_64 | 0.1.0 | NOTE | ||||
r-release-windows-x86_64 | 0.1.0 | 167.00 | 154.00 | 321.00 | NOTE | |
r-oldrel-macos-arm64 | 0.1.0 | NOTE | ||||
r-oldrel-macos-x86_64 | 0.1.0 | NOTE | ||||
r-oldrel-windows-ix86+x86_64 | 0.1.0 | 291.00 | 209.00 | 500.00 | NOTE |
Version: 0.1.0
Check: installed package size
Result: NOTE
installed size is 13.1Mb
sub-directories of 1Mb or more:
doc 4.0Mb
libs 8.4Mb
Flavors: r-devel-linux-x86_64-fedora-clang, r-release-macos-arm64, r-release-macos-x86_64, r-release-windows-x86_64, r-oldrel-macos-arm64, r-oldrel-macos-x86_64, r-oldrel-windows-ix86+x86_64