Last updated on 2022-04-24 03:52:33 CEST.
Flavor | Version | Tinstall | Tcheck | Ttotal | Status | Flags |
---|---|---|---|---|---|---|
r-devel-linux-x86_64-debian-clang | 0.1.8 | 16.42 | 124.92 | 141.34 | OK | |
r-devel-linux-x86_64-debian-gcc | 0.1.8 | 12.91 | 91.86 | 104.77 | OK | |
r-devel-linux-x86_64-fedora-clang | 0.1.8 | 160.84 | NOTE | |||
r-devel-linux-x86_64-fedora-gcc | 0.1.8 | 148.50 | NOTE | |||
r-patched-linux-x86_64 | 0.1.8 | 13.29 | 114.91 | 128.20 | OK | |
r-release-linux-x86_64 | 0.1.8 | 9.95 | 108.86 | 118.81 | OK | |
r-release-macos-arm64 | 0.1.8 | NOTE | ||||
r-release-macos-x86_64 | 0.1.8 | NOTE | ||||
r-release-windows-x86_64 | 0.1.8 | 66.00 | 132.00 | 198.00 | OK | |
r-oldrel-macos-arm64 | 0.1.8 | NOTE | ||||
r-oldrel-macos-x86_64 | 0.1.8 | NOTE | ||||
r-oldrel-windows-ix86+x86_64 | 0.1.8 | 31.00 | 122.00 | 153.00 | OK |
Version: 0.1.8
Check: data for non-ASCII characters
Result: NOTE
Note: found 13918 marked UTF-8 strings
Flavors: r-devel-linux-x86_64-fedora-clang, r-devel-linux-x86_64-fedora-gcc, r-release-macos-arm64, r-release-macos-x86_64, r-oldrel-macos-arm64, r-oldrel-macos-x86_64