Last updated on 2022-04-24 03:52:33 CEST.
Flavor | Version | Tinstall | Tcheck | Ttotal | Status | Flags |
---|---|---|---|---|---|---|
r-devel-linux-x86_64-debian-clang | 1.1.0 | 9.36 | 129.75 | 139.11 | OK | |
r-devel-linux-x86_64-debian-gcc | 1.1.0 | 8.96 | 95.36 | 104.32 | OK | |
r-devel-linux-x86_64-fedora-clang | 1.1.0 | 174.28 | OK | |||
r-devel-linux-x86_64-fedora-gcc | 1.1.0 | 150.70 | OK | |||
r-patched-linux-x86_64 | 1.1.0 | 9.88 | 123.95 | 133.83 | OK | |
r-release-linux-x86_64 | 1.1.0 | 8.86 | 111.32 | 120.18 | OK | |
r-release-macos-arm64 | 1.1.0 | OK | ||||
r-release-macos-x86_64 | 1.1.0 | WARN | --as-cran | |||
r-release-windows-x86_64 | 1.1.0 | 16.00 | 142.00 | 158.00 | OK | |
r-oldrel-macos-arm64 | 1.1.0 | OK | ||||
r-oldrel-macos-x86_64 | 1.1.0 | WARN | --as-cran | |||
r-oldrel-windows-ix86+x86_64 | 1.1.0 | 25.00 | 129.00 | 154.00 | OK |
Version: 1.1.0
Flags: --as-cran
Check: CRAN incoming feasibility
Result: WARN
Maintainer: ‘Magnus Dehli Vigeland <m.d.vigeland@medisin.uio.no>’
Insufficient package version (submitted: 1.1.0, existing: 1.1.0)
Days since last update: 1
Flavors: r-release-macos-x86_64, r-oldrel-macos-x86_64
Version: 1.1.0
Flags: --as-cran
Check: top-level files
Result: NOTE
Files ‘README.md’ or ‘NEWS.md’ cannot be checked without ‘pandoc’ being installed.
Flavors: r-release-macos-x86_64, r-oldrel-macos-x86_64