Last updated on 2022-04-24 03:52:33 CEST.
Flavor | Version | Tinstall | Tcheck | Ttotal | Status | Flags |
---|---|---|---|---|---|---|
r-devel-linux-x86_64-debian-clang | 0.1.0 | 224.16 | 189.09 | 413.25 | NOTE | |
r-devel-linux-x86_64-debian-gcc | 0.1.0 | 218.95 | 159.90 | 378.85 | NOTE | |
r-devel-linux-x86_64-fedora-clang | 0.1.0 | 607.86 | NOTE | |||
r-devel-linux-x86_64-fedora-gcc | 0.1.0 | 612.77 | NOTE | |||
r-patched-linux-x86_64 | 0.1.0 | 221.10 | 203.77 | 424.87 | NOTE | |
r-release-linux-x86_64 | 0.1.0 | 231.08 | 194.47 | 425.55 | NOTE | |
r-release-macos-arm64 | 0.1.0 | NOTE | ||||
r-release-macos-x86_64 | 0.1.0 | NOTE | ||||
r-release-windows-x86_64 | 0.1.0 | 174.00 | 231.00 | 405.00 | NOTE | |
r-oldrel-macos-arm64 | 0.1.0 | NOTE | ||||
r-oldrel-macos-x86_64 | 0.1.0 | NOTE | ||||
r-oldrel-windows-ix86+x86_64 | 0.1.0 | 530.00 | 357.00 | 887.00 | NOTE |
Version: 0.1.0
Check: for GNU extensions in Makefiles
Result: NOTE
GNU make is a SystemRequirements.
Flavors: r-devel-linux-x86_64-debian-clang, r-devel-linux-x86_64-debian-gcc, r-devel-linux-x86_64-fedora-clang, r-devel-linux-x86_64-fedora-gcc, r-patched-linux-x86_64, r-release-linux-x86_64, r-release-macos-arm64, r-release-macos-x86_64, r-release-windows-x86_64, r-oldrel-macos-arm64, r-oldrel-macos-x86_64, r-oldrel-windows-ix86+x86_64
Version: 0.1.0
Check: installed package size
Result: NOTE
installed size is 32.3Mb
sub-directories of 1Mb or more:
libs 31.9Mb
Flavors: r-devel-linux-x86_64-fedora-clang, r-release-macos-arm64, r-release-macos-x86_64, r-oldrel-macos-arm64, r-oldrel-macos-x86_64, r-oldrel-windows-ix86+x86_64