Last updated on 2022-04-24 03:52:33 CEST.
Flavor | Version | Tinstall | Tcheck | Ttotal | Status | Flags |
---|---|---|---|---|---|---|
r-devel-linux-x86_64-debian-clang | 0.99 | 16.98 | 38.97 | 55.95 | OK | |
r-devel-linux-x86_64-debian-gcc | 0.99 | 12.80 | 29.31 | 42.11 | OK | |
r-devel-linux-x86_64-fedora-clang | 0.99 | 74.93 | NOTE | |||
r-devel-linux-x86_64-fedora-gcc | 0.99 | 58.65 | NOTE | |||
r-patched-linux-x86_64 | 0.99 | 14.48 | 37.47 | 51.95 | OK | |
r-release-linux-x86_64 | 0.99 | 14.26 | 35.88 | 50.14 | OK | |
r-release-macos-arm64 | 0.99 | OK | ||||
r-release-macos-x86_64 | 0.99 | OK | ||||
r-release-windows-x86_64 | 0.99 | 26.00 | 75.00 | 101.00 | OK | |
r-oldrel-macos-arm64 | 0.99 | OK | ||||
r-oldrel-macos-x86_64 | 0.99 | OK | ||||
r-oldrel-windows-ix86+x86_64 | 0.99 | 42.00 | 72.00 | 114.00 | OK |
Version: 0.99
Check: compiled code
Result: NOTE
File ‘penMSM/libs/penMSM.so’:
Found no calls to: ‘R_registerRoutines’, ‘R_useDynamicSymbols’
It is good practice to register native routines and to disable symbol
search.
See ‘Writing portable packages’ in the ‘Writing R Extensions’ manual.
Flavors: r-devel-linux-x86_64-fedora-clang, r-devel-linux-x86_64-fedora-gcc