Last updated on 2022-04-24 03:52:33 CEST.
Flavor | Version | Tinstall | Tcheck | Ttotal | Status | Flags |
---|---|---|---|---|---|---|
r-devel-linux-x86_64-debian-clang | 1.0.2 | 158.79 | 99.65 | 258.44 | OK | |
r-devel-linux-x86_64-debian-gcc | 1.0.2 | 133.48 | 80.90 | 214.38 | OK | |
r-devel-linux-x86_64-fedora-clang | 1.0.2 | 382.71 | OK | |||
r-devel-linux-x86_64-fedora-gcc | 1.0.2 | 337.73 | OK | |||
r-patched-linux-x86_64 | 1.0.2 | 153.11 | 95.62 | 248.73 | OK | |
r-release-linux-x86_64 | 1.0.2 | 156.00 | 91.32 | 247.32 | OK | |
r-release-macos-arm64 | 1.0.2 | NOTE | ||||
r-release-macos-x86_64 | 1.0.2 | NOTE | ||||
r-release-windows-x86_64 | 1.0.2 | 136.00 | 126.00 | 262.00 | OK | |
r-oldrel-macos-arm64 | 1.0.2 | NOTE | ||||
r-oldrel-macos-x86_64 | 1.0.2 | NOTE | ||||
r-oldrel-windows-ix86+x86_64 | 1.0.2 | 381.00 | 140.00 | 521.00 | OK |
Version: 1.0.2
Check: installed package size
Result: NOTE
installed size is 7.3Mb
sub-directories of 1Mb or more:
libs 7.1Mb
Flavors: r-release-macos-arm64, r-release-macos-x86_64, r-oldrel-macos-arm64, r-oldrel-macos-x86_64