Last updated on 2022-04-24 03:52:33 CEST.
Flavor | Version | Tinstall | Tcheck | Ttotal | Status | Flags |
---|---|---|---|---|---|---|
r-devel-linux-x86_64-debian-clang | 0.9-51 | 92.88 | 136.83 | 229.71 | OK | |
r-devel-linux-x86_64-debian-gcc | 0.9-51 | 76.38 | 102.02 | 178.40 | OK | |
r-devel-linux-x86_64-fedora-clang | 0.9-51 | 305.46 | OK | |||
r-devel-linux-x86_64-fedora-gcc | 0.9-52 | 301.93 | OK | |||
r-patched-linux-x86_64 | 0.9-51 | 80.76 | 129.37 | 210.13 | OK | |
r-release-linux-x86_64 | 0.9-51 | 72.70 | 126.17 | 198.87 | OK | |
r-release-macos-arm64 | 0.9-51 | NOTE | ||||
r-release-macos-x86_64 | 0.9-51 | NOTE | ||||
r-release-windows-x86_64 | 0.9-51 | 100.00 | 177.00 | 277.00 | OK | |
r-oldrel-macos-arm64 | 0.9-51 | NOTE | ||||
r-oldrel-macos-x86_64 | 0.9-51 | NOTE | ||||
r-oldrel-windows-ix86+x86_64 | 0.9-52 | 202.00 | 184.00 | 386.00 | OK |
Version: 0.9-51
Check: package dependencies
Result: NOTE
Package suggested but not available for checking: ‘globaltest’
Flavors: r-release-macos-arm64, r-oldrel-macos-arm64
Version: 0.9-51
Check: installed package size
Result: NOTE
installed size is 7.2Mb
sub-directories of 1Mb or more:
libs 6.3Mb
Flavors: r-release-macos-arm64, r-release-macos-x86_64, r-oldrel-macos-arm64, r-oldrel-macos-x86_64