Last updated on 2022-04-24 03:52:33 CEST.
Flavor | Version | Tinstall | Tcheck | Ttotal | Status | Flags |
---|---|---|---|---|---|---|
r-devel-linux-x86_64-debian-clang | 0.1.1 | 40.38 | 139.36 | 179.74 | OK | |
r-devel-linux-x86_64-debian-gcc | 0.1.1 | 30.94 | 96.94 | 127.88 | OK | |
r-devel-linux-x86_64-fedora-clang | 0.1.1 | 241.13 | NOTE | |||
r-devel-linux-x86_64-fedora-gcc | 0.1.1 | 202.70 | NOTE | |||
r-patched-linux-x86_64 | 0.1.1 | 31.86 | 126.90 | 158.76 | OK | |
r-release-linux-x86_64 | 0.1.1 | 35.33 | 124.46 | 159.79 | OK | |
r-release-macos-arm64 | 0.1.1 | NOTE | ||||
r-release-macos-x86_64 | 0.1.1 | NOTE | ||||
r-release-windows-x86_64 | 0.1.1 | 46.00 | 164.00 | 210.00 | OK | |
r-oldrel-macos-arm64 | 0.1.1 | NOTE | ||||
r-oldrel-macos-x86_64 | 0.1.1 | NOTE | ||||
r-oldrel-windows-ix86+x86_64 | 0.1.1 | 87.00 | 214.00 | 301.00 | OK |
Version: 0.1.1
Check: installed package size
Result: NOTE
installed size is 8.5Mb
sub-directories of 1Mb or more:
data 1.8Mb
libs 6.3Mb
Flavors: r-devel-linux-x86_64-fedora-clang, r-release-macos-arm64, r-release-macos-x86_64, r-oldrel-macos-arm64, r-oldrel-macos-x86_64
Version: 0.1.1
Check: dependencies in R code
Result: NOTE
Namespace in Imports field not imported from: ‘fixest’
All declared Imports should be used.
Flavors: r-devel-linux-x86_64-fedora-clang, r-devel-linux-x86_64-fedora-gcc, r-release-macos-arm64, r-release-macos-x86_64, r-oldrel-macos-arm64, r-oldrel-macos-x86_64