Last updated on 2022-04-24 03:52:33 CEST.
Flavor | Version | Tinstall | Tcheck | Ttotal | Status | Flags |
---|---|---|---|---|---|---|
r-devel-linux-x86_64-debian-clang | 2.1.0 | 486.14 | 177.26 | 663.40 | OK | |
r-devel-linux-x86_64-debian-gcc | 2.1.0 | 381.99 | 128.50 | 510.49 | OK | |
r-devel-linux-x86_64-fedora-clang | 2.1.0 | 1011.55 | NOTE | |||
r-devel-linux-x86_64-fedora-gcc | 2.1.0 | 837.81 | OK | |||
r-patched-linux-x86_64 | 2.1.0 | 393.30 | 172.33 | 565.63 | OK | |
r-release-linux-x86_64 | 2.1.0 | 373.44 | 163.17 | 536.61 | OK | |
r-release-macos-arm64 | 2.1.0 | NOTE | ||||
r-release-macos-x86_64 | 2.1.0 | NOTE | ||||
r-release-windows-x86_64 | 2.1.0 | 347.00 | 259.00 | 606.00 | OK | |
r-oldrel-macos-arm64 | 2.1.0 | NOTE | ||||
r-oldrel-macos-x86_64 | 2.1.0 | NOTE | ||||
r-oldrel-windows-ix86+x86_64 | 2.1.0 | 891.00 | 342.00 | 1233.00 | NOTE |
Version: 2.1.0
Check: installed package size
Result: NOTE
installed size is 36.0Mb
sub-directories of 1Mb or more:
libs 34.9Mb
Flavors: r-devel-linux-x86_64-fedora-clang, r-release-macos-arm64, r-release-macos-x86_64, r-oldrel-macos-arm64, r-oldrel-macos-x86_64, r-oldrel-windows-ix86+x86_64