Last updated on 2022-04-24 03:52:33 CEST.
Flavor | Version | Tinstall | Tcheck | Ttotal | Status | Flags |
---|---|---|---|---|---|---|
r-devel-linux-x86_64-debian-clang | 1.0 | 3.45 | 78.66 | 82.11 | NOTE | |
r-devel-linux-x86_64-debian-gcc | 1.0 | 2.44 | 58.55 | 60.99 | NOTE | |
r-devel-linux-x86_64-fedora-clang | 1.0 | 98.11 | NOTE | |||
r-devel-linux-x86_64-fedora-gcc | 1.0 | 83.48 | NOTE | |||
r-patched-linux-x86_64 | 1.0 | 3.37 | 76.39 | 79.76 | NOTE | |
r-release-linux-x86_64 | 1.0 | 2.19 | 71.80 | 73.99 | NOTE | |
r-release-macos-arm64 | 1.0 | NOTE | ||||
r-release-macos-x86_64 | 1.0 | NOTE | ||||
r-release-windows-x86_64 | 1.0 | 20.00 | 102.00 | 122.00 | NOTE | |
r-oldrel-macos-arm64 | 1.0 | NOTE | ||||
r-oldrel-macos-x86_64 | 1.0 | NOTE | ||||
r-oldrel-windows-ix86+x86_64 | 1.0 | 6.00 | 88.00 | 94.00 | NOTE |
Version: 1.0
Check: package dependencies
Result: NOTE
Package suggested but not available for checking: 'dendextendRcpp'
Flavors: r-devel-linux-x86_64-debian-clang, r-devel-linux-x86_64-debian-gcc, r-devel-linux-x86_64-fedora-clang, r-devel-linux-x86_64-fedora-gcc, r-patched-linux-x86_64, r-release-linux-x86_64, r-release-macos-arm64, r-release-macos-x86_64, r-release-windows-x86_64, r-oldrel-macos-arm64, r-oldrel-macos-x86_64, r-oldrel-windows-ix86+x86_64