Last updated on 2022-04-24 03:52:33 CEST.
Flavor | Version | Tinstall | Tcheck | Ttotal | Status | Flags |
---|---|---|---|---|---|---|
r-devel-linux-x86_64-debian-clang | 0.2.5 | 8.16 | 94.81 | 102.97 | NOTE | |
r-devel-linux-x86_64-debian-gcc | 0.2.5 | 8.48 | 72.51 | 80.99 | NOTE | |
r-devel-linux-x86_64-fedora-clang | 0.2.5 | 125.90 | NOTE | |||
r-devel-linux-x86_64-fedora-gcc | 0.2.5 | 113.76 | NOTE | |||
r-patched-linux-x86_64 | 0.2.5 | 10.24 | 92.45 | 102.69 | NOTE | |
r-release-linux-x86_64 | 0.2.5 | 5.90 | 86.10 | 92.00 | NOTE | |
r-release-macos-arm64 | 0.2.5 | NOTE | ||||
r-release-macos-x86_64 | 0.2.5 | NOTE | ||||
r-release-windows-x86_64 | 0.2.5 | 18.00 | 112.00 | 130.00 | NOTE | |
r-oldrel-macos-arm64 | 0.2.5 | NOTE | ||||
r-oldrel-macos-x86_64 | 0.2.5 | NOTE | ||||
r-oldrel-windows-ix86+x86_64 | 0.2.5 | 19.00 | 103.00 | 122.00 | NOTE |
Version: 0.2.5
Check: LazyData
Result: NOTE
'LazyData' is specified without a 'data' directory
Flavors: r-devel-linux-x86_64-debian-clang, r-devel-linux-x86_64-debian-gcc, r-devel-linux-x86_64-fedora-clang, r-devel-linux-x86_64-fedora-gcc, r-patched-linux-x86_64, r-release-linux-x86_64, r-release-macos-arm64, r-release-macos-x86_64, r-release-windows-x86_64, r-oldrel-macos-arm64, r-oldrel-macos-x86_64, r-oldrel-windows-ix86+x86_64