Last updated on 2022-04-24 03:52:33 CEST.
Flavor | Version | Tinstall | Tcheck | Ttotal | Status | Flags |
---|---|---|---|---|---|---|
r-devel-linux-x86_64-debian-clang | 0.3.1 | 2.57 | 39.71 | 42.28 | NOTE | |
r-devel-linux-x86_64-debian-gcc | 0.3.1 | 1.98 | 30.98 | 32.96 | NOTE | |
r-devel-linux-x86_64-fedora-clang | 0.3.1 | 52.11 | NOTE | |||
r-devel-linux-x86_64-fedora-gcc | 0.3.1 | 40.55 | NOTE | |||
r-patched-linux-x86_64 | 0.3.1 | 2.94 | 39.98 | 42.92 | NOTE | |
r-release-linux-x86_64 | 0.3.1 | 2.21 | 37.49 | 39.70 | NOTE | |
r-release-macos-arm64 | 0.3.1 | NOTE | ||||
r-release-macos-x86_64 | 0.3.1 | NOTE | ||||
r-release-windows-x86_64 | 0.3.1 | 21.00 | 56.00 | 77.00 | NOTE | |
r-oldrel-macos-arm64 | 0.3.1 | NOTE | ||||
r-oldrel-macos-x86_64 | 0.3.1 | NOTE | ||||
r-oldrel-windows-ix86+x86_64 | 0.3.1 | 7.00 | 48.00 | 55.00 | NOTE |
Version: 0.3.1
Check: LazyData
Result: NOTE
'LazyData' is specified without a 'data' directory
Flavors: r-devel-linux-x86_64-debian-clang, r-devel-linux-x86_64-debian-gcc, r-devel-linux-x86_64-fedora-clang, r-devel-linux-x86_64-fedora-gcc, r-patched-linux-x86_64, r-release-linux-x86_64, r-release-macos-arm64, r-release-macos-x86_64, r-release-windows-x86_64, r-oldrel-macos-arm64, r-oldrel-macos-x86_64, r-oldrel-windows-ix86+x86_64