Last updated on 2022-04-24 03:52:33 CEST.
Flavor | Version | Tinstall | Tcheck | Ttotal | Status | Flags |
---|---|---|---|---|---|---|
r-devel-linux-x86_64-debian-clang | 0.1.0 | 3.74 | 45.84 | 49.58 | NOTE | |
r-devel-linux-x86_64-debian-gcc | 0.1.0 | 2.88 | 34.15 | 37.03 | NOTE | |
r-devel-linux-x86_64-fedora-clang | 0.1.0 | 60.15 | NOTE | |||
r-devel-linux-x86_64-fedora-gcc | 0.1.0 | 47.54 | NOTE | |||
r-patched-linux-x86_64 | 0.1.0 | 3.87 | 43.32 | 47.19 | NOTE | |
r-release-linux-x86_64 | 0.1.0 | 3.07 | 41.55 | 44.62 | NOTE | |
r-release-macos-arm64 | 0.1.0 | NOTE | ||||
r-release-macos-x86_64 | 0.1.0 | NOTE | ||||
r-release-windows-x86_64 | 0.1.0 | 20.00 | 65.00 | 85.00 | NOTE | |
r-oldrel-macos-arm64 | 0.1.0 | NOTE | ||||
r-oldrel-macos-x86_64 | 0.1.0 | NOTE | ||||
r-oldrel-windows-ix86+x86_64 | 0.1.0 | 8.00 | 52.00 | 60.00 | NOTE |
Version: 0.1.0
Check: LazyData
Result: NOTE
'LazyData' is specified without a 'data' directory
Flavors: r-devel-linux-x86_64-debian-clang, r-devel-linux-x86_64-debian-gcc, r-devel-linux-x86_64-fedora-clang, r-devel-linux-x86_64-fedora-gcc, r-patched-linux-x86_64, r-release-linux-x86_64, r-release-macos-arm64, r-release-macos-x86_64, r-release-windows-x86_64, r-oldrel-macos-arm64, r-oldrel-macos-x86_64, r-oldrel-windows-ix86+x86_64