Last updated on 2022-04-24 03:52:33 CEST.
Flavor | Version | Tinstall | Tcheck | Ttotal | Status | Flags |
---|---|---|---|---|---|---|
r-devel-linux-x86_64-debian-clang | 2.0.0 | 31.11 | 297.26 | 328.37 | OK | |
r-devel-linux-x86_64-debian-gcc | 2.0.0 | 24.03 | 218.61 | 242.64 | OK | |
r-devel-linux-x86_64-fedora-clang | 2.0.0 | 428.89 | NOTE | |||
r-devel-linux-x86_64-fedora-gcc | 2.0.0 | 400.45 | OK | |||
r-patched-linux-x86_64 | 2.0.0 | 26.09 | 283.59 | 309.68 | OK | |
r-release-linux-x86_64 | 2.0.0 | 25.84 | 255.06 | 280.90 | OK | |
r-release-macos-arm64 | 2.0.0 | OK | ||||
r-release-macos-x86_64 | 2.0.0 | OK | ||||
r-release-windows-x86_64 | 2.0.0 | 59.00 | 285.00 | 344.00 | OK | |
r-oldrel-macos-arm64 | 2.0.0 | OK | ||||
r-oldrel-macos-x86_64 | 2.0.0 | OK | ||||
r-oldrel-windows-ix86+x86_64 | 2.0.0 | 66.00 | 286.00 | 352.00 | OK |
Version: 2.0.0
Check: Rd cross-references
Result: NOTE
Undeclared packages ‘classInt’, ‘maptools’, ‘PMCMR’, ‘agricolae’, ‘rgdal’, ‘plotrix’, ‘AICcmodavg’ in Rd xrefs
Flavor: r-devel-linux-x86_64-fedora-clang