Last updated on 2022-04-24 03:52:33 CEST.
Flavor | Version | Tinstall | Tcheck | Ttotal | Status | Flags |
---|---|---|---|---|---|---|
r-devel-linux-x86_64-debian-clang | 1.6 | 7.76 | 83.15 | 90.91 | NOTE | |
r-devel-linux-x86_64-debian-gcc | 1.6 | 7.16 | 63.30 | 70.46 | NOTE | |
r-devel-linux-x86_64-fedora-clang | 1.6 | 111.56 | NOTE | |||
r-devel-linux-x86_64-fedora-gcc | 1.6 | 106.32 | NOTE | |||
r-patched-linux-x86_64 | 1.6 | 6.98 | 79.92 | 86.90 | NOTE | |
r-release-linux-x86_64 | 1.6 | 6.36 | 75.61 | 81.97 | NOTE | |
r-release-macos-arm64 | 1.6 | NOTE | ||||
r-release-macos-x86_64 | 1.6 | NOTE | ||||
r-release-windows-x86_64 | 1.6 | 12.00 | 94.00 | 106.00 | NOTE | |
r-oldrel-macos-arm64 | 1.6 | NOTE | ||||
r-oldrel-macos-x86_64 | 1.6 | NOTE | ||||
r-oldrel-windows-ix86+x86_64 | 1.6 | 19.00 | 90.00 | 109.00 | NOTE |
Version: 1.6
Check: LazyData
Result: NOTE
'LazyData' is specified without a 'data' directory
Flavors: r-devel-linux-x86_64-debian-clang, r-devel-linux-x86_64-debian-gcc, r-devel-linux-x86_64-fedora-clang, r-devel-linux-x86_64-fedora-gcc, r-patched-linux-x86_64, r-release-linux-x86_64, r-release-macos-arm64, r-release-macos-x86_64, r-release-windows-x86_64, r-oldrel-macos-arm64, r-oldrel-macos-x86_64, r-oldrel-windows-ix86+x86_64