Last updated on 2022-04-24 03:52:33 CEST.
Flavor | Version | Tinstall | Tcheck | Ttotal | Status | Flags |
---|---|---|---|---|---|---|
r-devel-linux-x86_64-debian-clang | 0.0.0.3 | 55.10 | 267.29 | 322.39 | OK | |
r-devel-linux-x86_64-debian-gcc | 0.0.0.3 | 41.71 | 193.91 | 235.62 | OK | |
r-devel-linux-x86_64-fedora-clang | 0.0.0.3 | 372.46 | NOTE | |||
r-devel-linux-x86_64-fedora-gcc | 0.0.0.3 | 364.19 | NOTE | |||
r-patched-linux-x86_64 | 0.0.0.3 | 53.93 | 249.21 | 303.14 | OK | |
r-release-linux-x86_64 | 0.0.0.3 | 46.97 | 233.11 | 280.08 | OK | |
r-release-macos-arm64 | 0.0.0.3 | NOTE | ||||
r-release-macos-x86_64 | 0.0.0.3 | NOTE | ||||
r-release-windows-x86_64 | 0.0.0.3 | 330.00 | 244.00 | 574.00 | NOTE | |
r-oldrel-macos-arm64 | 0.0.0.3 | NOTE | ||||
r-oldrel-macos-x86_64 | 0.0.0.3 | NOTE | ||||
r-oldrel-windows-ix86+x86_64 | 0.0.0.3 | 94.00 | 253.00 | 347.00 | NOTE |
Version: 0.0.0.3
Check: package dependencies
Result: NOTE
Imports includes 38 non-default packages.
Importing from so many packages makes the package vulnerable to any of
them becoming unavailable. Move as many as possible to Suggests and
use conditionally.
Flavor: r-devel-linux-x86_64-fedora-clang
Version: 0.0.0.3
Check: installed package size
Result: NOTE
installed size is 6.5Mb
sub-directories of 1Mb or more:
application 5.0Mb
Flavors: r-devel-linux-x86_64-fedora-clang, r-release-macos-arm64, r-release-macos-x86_64, r-release-windows-x86_64, r-oldrel-macos-arm64, r-oldrel-macos-x86_64, r-oldrel-windows-ix86+x86_64
Version: 0.0.0.3
Check: dependencies in R code
Result: NOTE
Namespaces in Imports field not imported from:
‘rJava’ ‘shinyWidgets’ ‘shinydashboard’ ‘shinyjs’
All declared Imports should be used.
Flavors: r-devel-linux-x86_64-fedora-clang, r-devel-linux-x86_64-fedora-gcc, r-release-macos-arm64, r-release-macos-x86_64, r-oldrel-macos-arm64, r-oldrel-macos-x86_64