Last updated on 2022-04-24 03:52:33 CEST.
Flavor | Version | Tinstall | Tcheck | Ttotal | Status | Flags |
---|---|---|---|---|---|---|
r-devel-linux-x86_64-debian-clang | 0.1.0 | 81.16 | 1112.68 | 1193.84 | OK | |
r-devel-linux-x86_64-debian-gcc | 0.1.0 | 65.44 | 792.54 | 857.98 | OK | |
r-devel-linux-x86_64-fedora-clang | 0.1.0 | 1379.35 | NOTE | |||
r-devel-linux-x86_64-fedora-gcc | 0.1.0 | 1366.37 | OK | |||
r-patched-linux-x86_64 | 0.1.0 | 71.77 | 1035.56 | 1107.33 | OK | |
r-release-linux-x86_64 | 0.1.0 | 63.33 | 1040.63 | 1103.96 | OK | |
r-release-macos-arm64 | 0.1.0 | NOTE | ||||
r-release-macos-x86_64 | 0.1.0 | NOTE | ||||
r-release-windows-x86_64 | 0.1.0 | 179.00 | 1118.00 | 1297.00 | NOTE | |
r-oldrel-macos-arm64 | 0.1.0 | NOTE | ||||
r-oldrel-macos-x86_64 | 0.1.0 | NOTE | ||||
r-oldrel-windows-ix86+x86_64 | 0.1.0 | 164.00 | 1289.00 | 1453.00 | NOTE |
Version: 0.1.0
Check: installed package size
Result: NOTE
installed size is 11.3Mb
sub-directories of 1Mb or more:
doc 6.3Mb
help 1.2Mb
libs 3.5Mb
Flavors: r-devel-linux-x86_64-fedora-clang, r-release-macos-arm64, r-release-macos-x86_64, r-release-windows-x86_64, r-oldrel-macos-arm64, r-oldrel-macos-x86_64, r-oldrel-windows-ix86+x86_64