Last updated on 2022-04-24 03:52:33 CEST.
Flavor | Version | Tinstall | Tcheck | Ttotal | Status | Flags |
---|---|---|---|---|---|---|
r-devel-linux-x86_64-debian-clang | 2.8.1 | 65.25 | 303.49 | 368.74 | OK | |
r-devel-linux-x86_64-debian-gcc | 2.8.1 | 54.54 | 229.12 | 283.66 | OK | |
r-devel-linux-x86_64-fedora-clang | 2.8.1 | 490.07 | NOTE | |||
r-devel-linux-x86_64-fedora-gcc | 2.8.1 | 455.18 | OK | |||
r-patched-linux-x86_64 | 2.8.1 | 62.97 | 299.29 | 362.26 | OK | |
r-release-linux-x86_64 | 2.8.1 | 60.69 | 300.24 | 360.93 | OK | |
r-release-macos-arm64 | 2.8.1 | NOTE | ||||
r-release-macos-x86_64 | 2.8.1 | NOTE | ||||
r-release-windows-x86_64 | 2.8.1 | 147.00 | 349.00 | 496.00 | NOTE | |
r-oldrel-macos-arm64 | 2.8.1 | NOTE | ||||
r-oldrel-macos-x86_64 | 2.8.1 | NOTE | ||||
r-oldrel-windows-ix86+x86_64 | 2.8.1 | 133.00 | 425.00 | 558.00 | NOTE |
Version: 2.8.1
Check: installed package size
Result: NOTE
installed size is 6.8Mb
sub-directories of 1Mb or more:
doc 1.6Mb
libs 2.8Mb
Flavors: r-devel-linux-x86_64-fedora-clang, r-release-macos-arm64, r-release-macos-x86_64, r-release-windows-x86_64, r-oldrel-macos-arm64, r-oldrel-macos-x86_64, r-oldrel-windows-ix86+x86_64