Last updated on 2022-04-24 03:52:33 CEST.
Flavor | Version | Tinstall | Tcheck | Ttotal | Status | Flags |
---|---|---|---|---|---|---|
r-devel-linux-x86_64-debian-clang | 2.1.3 | 4.65 | 124.99 | 129.64 | NOTE | |
r-devel-linux-x86_64-debian-gcc | 2.1.3 | 3.58 | 86.57 | 90.15 | NOTE | |
r-devel-linux-x86_64-fedora-clang | 2.1.3 | 155.08 | NOTE | |||
r-devel-linux-x86_64-fedora-gcc | 2.1.3 | 139.09 | NOTE | |||
r-patched-linux-x86_64 | 2.1.3 | 6.40 | 119.30 | 125.70 | NOTE | |
r-release-linux-x86_64 | 2.1.3 | 3.25 | 117.25 | 120.50 | NOTE | |
r-release-macos-arm64 | 2.1.3 | NOTE | ||||
r-release-macos-x86_64 | 2.1.3 | NOTE | ||||
r-release-windows-x86_64 | 2.1.3 | 45.00 | 132.00 | 177.00 | NOTE | |
r-oldrel-macos-arm64 | 2.1.3 | NOTE | ||||
r-oldrel-macos-x86_64 | 2.1.3 | NOTE | ||||
r-oldrel-windows-ix86+x86_64 | 2.1.3 | 10.00 | 135.00 | 145.00 | NOTE |
Version: 2.1.3
Check: LazyData
Result: NOTE
'LazyData' is specified without a 'data' directory
Flavors: r-devel-linux-x86_64-debian-clang, r-devel-linux-x86_64-debian-gcc, r-devel-linux-x86_64-fedora-clang, r-devel-linux-x86_64-fedora-gcc, r-patched-linux-x86_64, r-release-linux-x86_64, r-release-macos-arm64, r-release-macos-x86_64, r-release-windows-x86_64, r-oldrel-macos-arm64, r-oldrel-macos-x86_64, r-oldrel-windows-ix86+x86_64