Last updated on 2022-04-24 03:52:33 CEST.
Flavor | Version | Tinstall | Tcheck | Ttotal | Status | Flags |
---|---|---|---|---|---|---|
r-devel-linux-x86_64-debian-clang | 0.1.3 | 2.75 | 47.28 | 50.03 | NOTE | |
r-devel-linux-x86_64-debian-gcc | 0.1.3 | 1.82 | 36.00 | 37.82 | NOTE | |
r-devel-linux-x86_64-fedora-clang | 0.1.3 | 61.78 | NOTE | |||
r-devel-linux-x86_64-fedora-gcc | 0.1.3 | 49.49 | NOTE | |||
r-patched-linux-x86_64 | 0.1.3 | 2.17 | 46.48 | 48.65 | NOTE | |
r-release-linux-x86_64 | 0.1.3 | 2.33 | 44.24 | 46.57 | NOTE | |
r-release-macos-arm64 | 0.1.3 | NOTE | ||||
r-release-macos-x86_64 | 0.1.3 | NOTE | ||||
r-release-windows-x86_64 | 0.1.3 | 10.00 | 65.00 | 75.00 | NOTE | |
r-oldrel-macos-arm64 | 0.1.3 | NOTE | ||||
r-oldrel-macos-x86_64 | 0.1.3 | NOTE | ||||
r-oldrel-windows-ix86+x86_64 | 0.1.3 | 6.00 | 59.00 | 65.00 | NOTE |
Version: 0.1.3
Check: LazyData
Result: NOTE
'LazyData' is specified without a 'data' directory
Flavors: r-devel-linux-x86_64-debian-clang, r-devel-linux-x86_64-debian-gcc, r-devel-linux-x86_64-fedora-clang, r-devel-linux-x86_64-fedora-gcc, r-patched-linux-x86_64, r-release-linux-x86_64, r-release-macos-arm64, r-release-macos-x86_64, r-release-windows-x86_64, r-oldrel-macos-arm64, r-oldrel-macos-x86_64, r-oldrel-windows-ix86+x86_64