Last updated on 2022-04-24 03:52:33 CEST.
Flavor | Version | Tinstall | Tcheck | Ttotal | Status | Flags |
---|---|---|---|---|---|---|
r-devel-linux-x86_64-debian-clang | 0.6.0 | 24.93 | 67.44 | 92.37 | WARN | |
r-devel-linux-x86_64-debian-gcc | 0.6.0 | 21.69 | 50.42 | 72.11 | OK | |
r-devel-linux-x86_64-fedora-clang | 0.6.0 | 124.53 | WARN | |||
r-devel-linux-x86_64-fedora-gcc | 0.6.0 | 106.59 | OK | |||
r-patched-linux-x86_64 | 0.6.0 | 22.68 | 64.87 | 87.55 | OK | |
r-release-linux-x86_64 | 0.6.0 | 22.72 | 62.54 | 85.26 | OK | |
r-release-macos-arm64 | 0.6.0 | OK | ||||
r-release-macos-x86_64 | 0.6.0 | OK | ||||
r-release-windows-x86_64 | 0.6.0 | 78.00 | 127.00 | 205.00 | OK | |
r-oldrel-macos-arm64 | 0.6.0 | OK | ||||
r-oldrel-macos-x86_64 | 0.6.0 | OK | ||||
r-oldrel-windows-ix86+x86_64 | 0.6.0 | 64.00 | 115.00 | 179.00 | OK |
Version: 0.6.0
Check: whether package can be installed
Result: WARN
Found the following significant warnings:
../src/correlation.h:49:28: warning: use of bitwise '|' with boolean operands [-Wbitwise-instead-of-logical]
../src/correlation.h:94:27: warning: use of bitwise '|' with boolean operands [-Wbitwise-instead-of-logical]
../src/correlation.h:137:28: warning: use of bitwise '|' with boolean operands [-Wbitwise-instead-of-logical]
Flavors: r-devel-linux-x86_64-debian-clang, r-devel-linux-x86_64-fedora-clang