Last updated on 2022-04-24 03:52:33 CEST.
Flavor | Version | Tinstall | Tcheck | Ttotal | Status | Flags |
---|---|---|---|---|---|---|
r-devel-linux-x86_64-debian-clang | 1.0-7 | 4.00 | 45.17 | 49.17 | OK | |
r-devel-linux-x86_64-debian-gcc | 1.0-7 | 3.43 | 33.26 | 36.69 | OK | |
r-devel-linux-x86_64-fedora-clang | 1.0-7 | 58.14 | NOTE | |||
r-devel-linux-x86_64-fedora-gcc | 1.0-7 | 46.01 | OK | |||
r-patched-linux-x86_64 | 1.0-7 | 4.73 | 41.84 | 46.57 | OK | |
r-release-linux-x86_64 | 1.0-7 | 4.22 | 42.15 | 46.37 | OK | |
r-release-macos-arm64 | 1.0-7 | OK | ||||
r-release-macos-x86_64 | 1.0-7 | OK | ||||
r-release-windows-x86_64 | 1.0-7 | 8.00 | 56.00 | 64.00 | OK | |
r-oldrel-macos-arm64 | 1.0-7 | OK | ||||
r-oldrel-macos-x86_64 | 1.0-7 | OK | ||||
r-oldrel-windows-ix86+x86_64 | 1.0-7 | 7.00 | 50.00 | 57.00 | OK |
Version: 1.0-7
Check: Rd cross-references
Result: NOTE
Undeclared package ‘vowels’ in Rd xrefs
Flavor: r-devel-linux-x86_64-fedora-clang