Last updated on 2022-04-24 03:52:33 CEST.
Flavor | Version | Tinstall | Tcheck | Ttotal | Status | Flags |
---|---|---|---|---|---|---|
r-devel-linux-x86_64-debian-clang | 0.2-2.1 | 6.63 | 74.62 | 81.25 | NOTE | |
r-devel-linux-x86_64-debian-gcc | 0.2-2.1 | 5.40 | 56.32 | 61.72 | NOTE | |
r-devel-linux-x86_64-fedora-clang | 0.2-2.1 | 96.95 | NOTE | |||
r-devel-linux-x86_64-fedora-gcc | 0.2-2.1 | 85.94 | NOTE | |||
r-patched-linux-x86_64 | 0.2-2.1 | 8.09 | 72.52 | 80.61 | NOTE | |
r-release-linux-x86_64 | 0.2-2.1 | 5.74 | 70.59 | 76.33 | NOTE | |
r-release-macos-arm64 | 0.2-2.1 | OK | ||||
r-release-macos-x86_64 | 0.2-2.1 | OK | ||||
r-release-windows-x86_64 | 0.2-2.1 | 64.00 | 109.00 | 173.00 | OK | |
r-oldrel-macos-arm64 | 0.2-2.1 | OK | ||||
r-oldrel-macos-x86_64 | 0.2-2.1 | OK | ||||
r-oldrel-windows-ix86+x86_64 | 0.2-2.1 | 13.00 | 64.00 | 77.00 | OK |
Version: 0.2-2.1
Check: for non-standard things in the check directory
Result: NOTE
Found the following files/directories:
'1khz.wav' 'snd.wav'
Flavors: r-devel-linux-x86_64-debian-clang, r-devel-linux-x86_64-debian-gcc, r-devel-linux-x86_64-fedora-clang, r-devel-linux-x86_64-fedora-gcc, r-patched-linux-x86_64, r-release-linux-x86_64