Last updated on 2022-04-24 03:52:33 CEST.
Flavor | Version | Tinstall | Tcheck | Ttotal | Status | Flags |
---|---|---|---|---|---|---|
r-devel-linux-x86_64-debian-clang | 0.0.11 | 7.69 | 75.26 | 82.95 | NOTE | |
r-devel-linux-x86_64-debian-gcc | 0.0.11 | 5.96 | 56.21 | 62.17 | NOTE | |
r-devel-linux-x86_64-fedora-clang | 0.0.11 | 97.71 | NOTE | |||
r-devel-linux-x86_64-fedora-gcc | 0.0.11 | 83.60 | NOTE | |||
r-patched-linux-x86_64 | 0.0.11 | 6.36 | 70.43 | 76.79 | NOTE | |
r-release-linux-x86_64 | 0.0.11 | 4.97 | 69.29 | 74.26 | NOTE | |
r-release-macos-arm64 | 0.0.11 | NOTE | ||||
r-release-macos-x86_64 | 0.0.11 | NOTE | ||||
r-release-windows-x86_64 | 0.0.11 | 82.00 | 110.00 | 192.00 | NOTE | |
r-oldrel-macos-arm64 | 0.0.11 | NOTE | ||||
r-oldrel-macos-x86_64 | 0.0.11 | NOTE | ||||
r-oldrel-windows-ix86+x86_64 | 0.0.11 | 15.00 | 88.00 | 103.00 | NOTE |
Version: 0.0.11
Check: LazyData
Result: NOTE
'LazyData' is specified without a 'data' directory
Flavors: r-devel-linux-x86_64-debian-clang, r-devel-linux-x86_64-debian-gcc, r-devel-linux-x86_64-fedora-clang, r-devel-linux-x86_64-fedora-gcc, r-patched-linux-x86_64, r-release-linux-x86_64, r-release-macos-arm64, r-release-macos-x86_64, r-release-windows-x86_64, r-oldrel-macos-arm64, r-oldrel-macos-x86_64, r-oldrel-windows-ix86+x86_64