Last updated on 2022-04-24 03:52:33 CEST.
Flavor | Version | Tinstall | Tcheck | Ttotal | Status | Flags |
---|---|---|---|---|---|---|
r-devel-linux-x86_64-debian-clang | 0.4.23 | 8.27 | 132.42 | 140.69 | OK | |
r-devel-linux-x86_64-debian-gcc | 0.4.23 | 5.13 | 95.00 | 100.13 | OK | |
r-devel-linux-x86_64-fedora-clang | 0.4.23 | 177.57 | NOTE | |||
r-devel-linux-x86_64-fedora-gcc | 0.4.23 | 155.06 | NOTE | |||
r-patched-linux-x86_64 | 0.4.23 | 8.15 | 120.67 | 128.82 | OK | |
r-release-linux-x86_64 | 0.4.23 | 6.35 | 115.83 | 122.18 | OK | |
r-release-macos-arm64 | 0.4.23 | NOTE | ||||
r-release-macos-x86_64 | 0.4.23 | NOTE | ||||
r-release-windows-x86_64 | 0.4.23 | 129.00 | 154.00 | 283.00 | OK | |
r-oldrel-macos-arm64 | 0.4.23 | NOTE | ||||
r-oldrel-macos-x86_64 | 0.4.23 | NOTE | ||||
r-oldrel-windows-ix86+x86_64 | 0.4.23 | 14.00 | 134.00 | 148.00 | OK |
Version: 0.4.23
Check: dependencies in R code
Result: NOTE
Namespace in Imports field not imported from: ‘lazyeval’
All declared Imports should be used.
Flavors: r-devel-linux-x86_64-fedora-clang, r-devel-linux-x86_64-fedora-gcc, r-release-macos-arm64, r-release-macos-x86_64, r-oldrel-macos-arm64, r-oldrel-macos-x86_64