Last updated on 2022-04-24 03:52:33 CEST.
Flavor | Version | Tinstall | Tcheck | Ttotal | Status | Flags |
---|---|---|---|---|---|---|
r-devel-linux-x86_64-debian-clang | 0.4.5 | 6.38 | 62.50 | 68.88 | OK | |
r-devel-linux-x86_64-debian-gcc | 0.4.5 | 4.58 | 47.03 | 51.61 | OK | |
r-devel-linux-x86_64-fedora-clang | 0.4.5 | 84.32 | OK | |||
r-devel-linux-x86_64-fedora-gcc | 0.4.5 | 68.52 | OK | |||
r-patched-linux-x86_64 | 0.4.5 | 10.64 | 59.72 | 70.36 | OK | |
r-release-linux-x86_64 | 0.4.5 | 4.86 | 56.47 | 61.33 | OK | |
r-release-macos-arm64 | 0.4.5 | OK | ||||
r-release-macos-x86_64 | 0.4.5 | WARN | --as-cran | |||
r-release-windows-x86_64 | 0.4.5 | 376.00 | 87.00 | 463.00 | OK | |
r-oldrel-macos-arm64 | 0.4.5 | OK | ||||
r-oldrel-macos-x86_64 | 0.4.5 | WARN | --as-cran | |||
r-oldrel-windows-ix86+x86_64 | 0.4.5 | 13.00 | 71.00 | 84.00 | OK |
Version: 0.4.5
Flags: --as-cran
Check: CRAN incoming feasibility
Result: WARN
Maintainer: ‘Pedro J. Aphalo <pedro.aphalo@helsinki.fi>’
Insufficient package version (submitted: 0.4.5, existing: 0.4.5)
Days since last update: 1
Flavors: r-release-macos-x86_64, r-oldrel-macos-x86_64
Version: 0.4.5
Flags: --as-cran
Check: top-level files
Result: NOTE
Files ‘README.md’ or ‘NEWS.md’ cannot be checked without ‘pandoc’ being installed.
Flavors: r-release-macos-x86_64, r-oldrel-macos-x86_64