Last updated on 2022-04-24 03:52:33 CEST.
Flavor | Version | Tinstall | Tcheck | Ttotal | Status | Flags |
---|---|---|---|---|---|---|
r-devel-linux-x86_64-debian-clang | 3.7.4 | 334.28 | 46.86 | 381.14 | OK | |
r-devel-linux-x86_64-debian-gcc | 3.7.4 | 333.94 | 35.73 | 369.67 | OK | |
r-devel-linux-x86_64-fedora-clang | 3.7.4 | 747.37 | NOTE | |||
r-devel-linux-x86_64-fedora-gcc | 3.7.4 | 603.98 | OK | |||
r-patched-linux-x86_64 | 3.7.4 | 347.68 | 45.03 | 392.71 | ERROR | |
r-release-linux-x86_64 | 3.7.4 | 342.52 | 45.14 | 387.66 | OK | |
r-release-macos-arm64 | 3.7.4 | NOTE | ||||
r-release-macos-x86_64 | 3.7.4 | NOTE | ||||
r-release-windows-x86_64 | 3.7.4 | 481.00 | 117.00 | 598.00 | OK | |
r-oldrel-macos-arm64 | 3.7.4 | NOTE | ||||
r-oldrel-macos-x86_64 | 3.7.4 | NOTE | ||||
r-oldrel-windows-ix86+x86_64 | 3.7.4 | 939.00 | 105.00 | 1044.00 | NOTE |
Version: 3.7.4
Check: installed package size
Result: NOTE
installed size is 24.7Mb
sub-directories of 1Mb or more:
libs 23.9Mb
Flavors: r-devel-linux-x86_64-fedora-clang, r-release-macos-arm64, r-release-macos-x86_64, r-oldrel-macos-arm64, r-oldrel-macos-x86_64, r-oldrel-windows-ix86+x86_64
Version: 3.7.4
Check: examples
Result: ERROR
Running examples in ‘phreeqc-Ex.R’ failed
The error most likely occurred in:
> base::assign(".ptime", proc.time(), pos = "CheckExEnv")
> ### Name: ex7
> ### Title: Example 7-Gas-Phase Calculations
> ### Aliases: ex7
> ### Keywords: dataset
>
> ### ** Examples
>
>
> phrLoadDatabaseString(phreeqc.dat)
*** caught segfault ***
address (nil), cause 'unknown'
Traceback:
1: phrLoadDatabaseString(phreeqc.dat)
An irrecoverable exception occurred. R is aborting now ...
Segmentation fault
Flavor: r-patched-linux-x86_64