Last updated on 2022-04-24 03:52:33 CEST.
| Flavor | Version | Tinstall | Tcheck | Ttotal | Status | Flags | 
|---|---|---|---|---|---|---|
| r-devel-linux-x86_64-debian-clang | 0.1.3 | 11.39 | 101.39 | 112.78 | NOTE | |
| r-devel-linux-x86_64-debian-gcc | 0.1.3 | 7.78 | 75.44 | 83.22 | NOTE | |
| r-devel-linux-x86_64-fedora-clang | 0.1.3 | 134.68 | NOTE | |||
| r-devel-linux-x86_64-fedora-gcc | 0.1.3 | 124.57 | NOTE | |||
| r-patched-linux-x86_64 | 0.1.3 | 9.96 | 95.86 | 105.82 | NOTE | |
| r-release-linux-x86_64 | 0.1.3 | 5.88 | 91.89 | 97.77 | NOTE | |
| r-release-macos-arm64 | 0.1.3 | NOTE | ||||
| r-release-macos-x86_64 | 0.1.3 | WARN | ||||
| r-release-windows-x86_64 | 0.1.3 | 37.00 | 116.00 | 153.00 | NOTE | |
| r-oldrel-macos-arm64 | 0.1.3 | NOTE | ||||
| r-oldrel-macos-x86_64 | 0.1.3 | WARN | ||||
| r-oldrel-windows-ix86+x86_64 | 0.1.3 | 24.00 | 107.00 | 131.00 | NOTE | 
Version: 0.1.3
Check: LazyData
Result: NOTE
      'LazyData' is specified without a 'data' directory
Flavors: r-devel-linux-x86_64-debian-clang, r-devel-linux-x86_64-debian-gcc, r-devel-linux-x86_64-fedora-clang, r-devel-linux-x86_64-fedora-gcc, r-patched-linux-x86_64, r-release-linux-x86_64, r-release-macos-arm64, r-release-macos-x86_64, r-release-windows-x86_64, r-oldrel-macos-arm64, r-oldrel-macos-x86_64, r-oldrel-windows-ix86+x86_64
Version: 0.1.3
Check: re-building of vignette outputs
Result: WARN
    Error(s) in re-building vignettes:
      ...
    --- re-building ‘Advanced_Usage.Rmd’ using rmarkdown
    Warning in engine$weave(file, quiet = quiet, encoding = enc) :
      Pandoc (>= 1.12.3) not available. Falling back to R Markdown v1.
    Quitting from lines 20-27 (Advanced_Usage.Rmd) 
    Error: processing vignette 'Advanced_Usage.Rmd' failed with diagnostics:
    invalid 'path' argument
    --- failed re-building ‘Advanced_Usage.Rmd’
    
    --- re-building ‘Basic_Use.Rmd’ using rmarkdown
    Warning in engine$weave(file, quiet = quiet, encoding = enc) :
      Pandoc (>= 1.12.3) not available. Falling back to R Markdown v1.
    Quitting from lines 30-32 (Basic_Use.Rmd) 
    Error: processing vignette 'Basic_Use.Rmd' failed with diagnostics:
    invalid 'path' argument
    --- failed re-building ‘Basic_Use.Rmd’
    
    SUMMARY: processing the following files failed:
      ‘Advanced_Usage.Rmd’ ‘Basic_Use.Rmd’
    
    Error: Vignette re-building failed.
    Execution halted
Flavors: r-release-macos-x86_64, r-oldrel-macos-x86_64