Last updated on 2022-04-24 03:52:33 CEST.
Flavor | Version | Tinstall | Tcheck | Ttotal | Status | Flags |
---|---|---|---|---|---|---|
r-devel-linux-x86_64-debian-clang | 0.3.2 | 12.86 | 42.99 | 55.85 | NOTE | |
r-devel-linux-x86_64-debian-gcc | 0.3.2 | 11.92 | 33.29 | 45.21 | NOTE | |
r-devel-linux-x86_64-fedora-clang | 0.3.2 | 71.12 | NOTE | |||
r-devel-linux-x86_64-fedora-gcc | 0.3.2 | 60.10 | NOTE | |||
r-patched-linux-x86_64 | 0.3.2 | 12.18 | 41.74 | 53.92 | NOTE | |
r-release-linux-x86_64 | 0.3.2 | 12.59 | 40.39 | 52.98 | NOTE | |
r-release-macos-arm64 | 0.3.2 | NOTE | ||||
r-release-macos-x86_64 | 0.3.2 | NOTE | ||||
r-release-windows-x86_64 | 0.3.2 | 44.00 | 73.00 | 117.00 | NOTE | |
r-oldrel-macos-arm64 | 0.3.2 | NOTE | ||||
r-oldrel-macos-x86_64 | 0.3.2 | NOTE | ||||
r-oldrel-windows-ix86+x86_64 | 0.3.2 | 36.00 | 64.00 | 100.00 | NOTE |
Version: 0.3.2
Check: LazyData
Result: NOTE
'LazyData' is specified without a 'data' directory
Flavors: r-devel-linux-x86_64-debian-clang, r-devel-linux-x86_64-debian-gcc, r-devel-linux-x86_64-fedora-clang, r-devel-linux-x86_64-fedora-gcc, r-patched-linux-x86_64, r-release-linux-x86_64, r-release-macos-arm64, r-release-macos-x86_64, r-release-windows-x86_64, r-oldrel-macos-arm64, r-oldrel-macos-x86_64, r-oldrel-windows-ix86+x86_64