Last updated on 2022-04-24 03:52:33 CEST.
Flavor | Version | Tinstall | Tcheck | Ttotal | Status | Flags |
---|---|---|---|---|---|---|
r-devel-linux-x86_64-debian-clang | 2.1.0 | 2.95 | 54.07 | 57.02 | NOTE | |
r-devel-linux-x86_64-debian-gcc | 2.1.0 | 3.17 | 40.94 | 44.11 | NOTE | |
r-devel-linux-x86_64-fedora-clang | 2.1.0 | 71.42 | NOTE | |||
r-devel-linux-x86_64-fedora-gcc | 2.1.0 | 57.27 | NOTE | |||
r-patched-linux-x86_64 | 2.1.0 | 2.46 | 52.03 | 54.49 | NOTE | |
r-release-linux-x86_64 | 2.1.0 | 3.69 | 48.76 | 52.45 | NOTE | |
r-release-macos-arm64 | 2.1.0 | NOTE | ||||
r-release-macos-x86_64 | 2.1.0 | NOTE | ||||
r-release-windows-x86_64 | 2.1.0 | 22.00 | 76.00 | 98.00 | NOTE | |
r-oldrel-macos-arm64 | 2.1.0 | NOTE | ||||
r-oldrel-macos-x86_64 | 2.1.0 | NOTE | ||||
r-oldrel-windows-ix86+x86_64 | 2.1.0 | 9.00 | 67.00 | 76.00 | NOTE |
Version: 2.1.0
Check: LazyData
Result: NOTE
'LazyData' is specified without a 'data' directory
Flavors: r-devel-linux-x86_64-debian-clang, r-devel-linux-x86_64-debian-gcc, r-devel-linux-x86_64-fedora-clang, r-devel-linux-x86_64-fedora-gcc, r-patched-linux-x86_64, r-release-linux-x86_64, r-release-macos-arm64, r-release-macos-x86_64, r-release-windows-x86_64, r-oldrel-macos-arm64, r-oldrel-macos-x86_64, r-oldrel-windows-ix86+x86_64