Last updated on 2022-04-24 03:52:33 CEST.
Flavor | Version | Tinstall | Tcheck | Ttotal | Status | Flags |
---|---|---|---|---|---|---|
r-devel-linux-x86_64-debian-clang | 1.0.6 | 40.38 | 479.60 | 519.98 | OK | |
r-devel-linux-x86_64-debian-gcc | 1.0.6 | 35.68 | 345.64 | 381.32 | OK | |
r-devel-linux-x86_64-fedora-clang | 1.0.6 | 664.47 | NOTE | |||
r-devel-linux-x86_64-fedora-gcc | 1.0.6 | 625.42 | NOTE | |||
r-patched-linux-x86_64 | 1.0.6 | 41.00 | 451.18 | 492.18 | OK | |
r-release-linux-x86_64 | 1.0.6 | 32.49 | 414.05 | 446.54 | OK | |
r-release-macos-arm64 | 1.0.6 | NOTE | ||||
r-release-macos-x86_64 | 1.0.6 | NOTE | ||||
r-release-windows-x86_64 | 1.0.6 | 94.00 | 460.00 | 554.00 | OK | |
r-oldrel-macos-arm64 | 1.0.6 | NOTE | ||||
r-oldrel-macos-x86_64 | 1.0.6 | NOTE | ||||
r-oldrel-windows-ix86+x86_64 | 1.0.6 | 82.00 | 463.00 | 545.00 | OK |
Version: 1.0.6
Check: dependencies in R code
Result: NOTE
Namespace in Imports field not imported from: ‘rgdal’
All declared Imports should be used.
Flavors: r-devel-linux-x86_64-fedora-clang, r-devel-linux-x86_64-fedora-gcc, r-release-macos-arm64, r-release-macos-x86_64, r-oldrel-macos-arm64, r-oldrel-macos-x86_64
Version: 1.0.6
Check: Rd cross-references
Result: NOTE
Undeclared package ‘picante’ in Rd xrefs
Flavor: r-devel-linux-x86_64-fedora-clang