Last updated on 2022-04-24 03:52:33 CEST.
Flavor | Version | Tinstall | Tcheck | Ttotal | Status | Flags |
---|---|---|---|---|---|---|
r-devel-linux-x86_64-debian-clang | 1.3 | 54.86 | 337.02 | 391.88 | OK | |
r-devel-linux-x86_64-debian-gcc | 1.3 | 39.26 | 244.39 | 283.65 | OK | |
r-devel-linux-x86_64-fedora-clang | 1.3 | 487.71 | OK | |||
r-devel-linux-x86_64-fedora-gcc | 1.3 | 461.76 | OK | |||
r-patched-linux-x86_64 | 1.3 | 40.81 | 317.94 | 358.75 | OK | |
r-release-linux-x86_64 | 1.3 | 42.60 | 309.48 | 352.08 | OK | |
r-release-macos-arm64 | 1.3 | NOTE | ||||
r-release-macos-x86_64 | 1.3 | OK | ||||
r-release-windows-x86_64 | 1.3 | 83.00 | 343.00 | 426.00 | OK | |
r-oldrel-macos-arm64 | 1.3 | NOTE | ||||
r-oldrel-macos-x86_64 | 1.3 | OK | ||||
r-oldrel-windows-ix86+x86_64 | 1.3 | 120.00 | 430.00 | 550.00 | OK |
Version: 1.3
Check: installed package size
Result: NOTE
installed size is 5.3Mb
sub-directories of 1Mb or more:
help 1.6Mb
libs 2.5Mb
Flavors: r-release-macos-arm64, r-oldrel-macos-arm64