Last updated on 2022-04-24 03:52:33 CEST.
Flavor | Version | Tinstall | Tcheck | Ttotal | Status | Flags |
---|---|---|---|---|---|---|
r-devel-linux-x86_64-debian-clang | 1.0 | 3.13 | 51.59 | 54.72 | NOTE | |
r-devel-linux-x86_64-debian-gcc | 1.0 | 2.95 | 39.97 | 42.92 | NOTE | |
r-devel-linux-x86_64-fedora-clang | 1.0 | 72.01 | NOTE | |||
r-devel-linux-x86_64-fedora-gcc | 1.0 | 55.68 | NOTE | |||
r-patched-linux-x86_64 | 1.0 | 3.95 | 51.30 | 55.25 | NOTE | |
r-release-linux-x86_64 | 1.0 | 3.58 | 49.30 | 52.88 | NOTE | |
r-release-macos-arm64 | 1.0 | NOTE | ||||
r-release-macos-x86_64 | 1.0 | NOTE | ||||
r-release-windows-x86_64 | 1.0 | 22.00 | 71.00 | 93.00 | NOTE | |
r-oldrel-macos-arm64 | 1.0 | NOTE | ||||
r-oldrel-macos-x86_64 | 1.0 | NOTE | ||||
r-oldrel-windows-ix86+x86_64 | 1.0 | 9.00 | 65.00 | 74.00 | NOTE |
Version: 1.0
Check: R code for possible problems
Result: NOTE
incident: no visible global function definition for 'splinefun'
incident: no visible global function definition for 'integrate'
phytoprod: no visible global function definition for 'approx'
phytoprod: no visible global function definition for 'splinefun'
phytoprod: no visible global function definition for 'integrate'
reflectance: no visible global function definition for 'approx'
Undefined global functions or variables:
approx integrate splinefun
Consider adding
importFrom("stats", "approx", "integrate", "splinefun")
to your NAMESPACE file.
Flavors: r-devel-linux-x86_64-debian-clang, r-devel-linux-x86_64-debian-gcc, r-devel-linux-x86_64-fedora-clang, r-devel-linux-x86_64-fedora-gcc, r-patched-linux-x86_64, r-release-linux-x86_64, r-release-macos-arm64, r-release-macos-x86_64, r-release-windows-x86_64, r-oldrel-macos-arm64, r-oldrel-macos-x86_64, r-oldrel-windows-ix86+x86_64