Last updated on 2022-04-24 03:52:33 CEST.
Flavor | Version | Tinstall | Tcheck | Ttotal | Status | Flags |
---|---|---|---|---|---|---|
r-devel-linux-x86_64-debian-clang | 1.8.2 | 13.02 | 122.94 | 135.96 | OK | |
r-devel-linux-x86_64-debian-gcc | 1.8.2 | 11.28 | 91.67 | 102.95 | NOTE | |
r-devel-linux-x86_64-fedora-clang | 1.8.2 | 161.22 | OK | |||
r-devel-linux-x86_64-fedora-gcc | 1.8.2 | 166.74 | NOTE | |||
r-patched-linux-x86_64 | 1.8.2 | 13.67 | 113.72 | 127.39 | OK | |
r-release-linux-x86_64 | 1.8.2 | 12.95 | 109.47 | 122.42 | OK | |
r-release-macos-arm64 | 1.8.2 | OK | ||||
r-release-macos-x86_64 | 1.8.2 | OK | ||||
r-release-windows-x86_64 | 1.8.2 | 42.00 | 151.00 | 193.00 | OK | |
r-oldrel-macos-arm64 | 1.8.2 | OK | ||||
r-oldrel-macos-x86_64 | 1.8.2 | OK | ||||
r-oldrel-windows-ix86+x86_64 | 1.8.2 | 28.00 | 170.00 | 198.00 | OK |
Version: 1.8.2
Check: package dependencies
Result: NOTE
Suggests orphaned package: ‘circular’
Flavors: r-devel-linux-x86_64-debian-gcc, r-devel-linux-x86_64-fedora-gcc