Last updated on 2022-04-24 03:52:33 CEST.
Flavor | Version | Tinstall | Tcheck | Ttotal | Status | Flags |
---|---|---|---|---|---|---|
r-devel-linux-x86_64-debian-clang | 1.3.1 | 18.27 | 88.30 | 106.57 | OK | |
r-devel-linux-x86_64-debian-gcc | 1.3.1 | 17.22 | 68.08 | 85.30 | OK | |
r-devel-linux-x86_64-fedora-clang | 1.3.1 | 138.32 | NOTE | |||
r-devel-linux-x86_64-fedora-gcc | 1.3.1 | 120.52 | OK | |||
r-patched-linux-x86_64 | 1.3.1 | 16.87 | 85.76 | 102.63 | OK | |
r-release-linux-x86_64 | 1.3.1 | 17.35 | 79.90 | 97.25 | OK | |
r-release-macos-arm64 | 1.3.1 | NOTE | ||||
r-release-macos-x86_64 | 1.3.1 | NOTE | ||||
r-release-windows-x86_64 | 1.3.1 | 170.00 | 127.00 | 297.00 | OK | |
r-oldrel-macos-arm64 | 1.3.1 | NOTE | ||||
r-oldrel-macos-x86_64 | 1.3.1 | NOTE | ||||
r-oldrel-windows-ix86+x86_64 | 1.3.1 | 39.00 | 125.00 | 164.00 | OK |
Version: 1.3.1
Check: installed package size
Result: NOTE
installed size is 5.3Mb
sub-directories of 1Mb or more:
libs 4.2Mb
Flavors: r-devel-linux-x86_64-fedora-clang, r-release-macos-arm64, r-release-macos-x86_64, r-oldrel-macos-arm64, r-oldrel-macos-x86_64