Last updated on 2022-04-24 03:52:33 CEST.
Flavor | Version | Tinstall | Tcheck | Ttotal | Status | Flags |
---|---|---|---|---|---|---|
r-devel-linux-x86_64-debian-clang | 0.50 | 7.30 | 86.19 | 93.49 | OK | |
r-devel-linux-x86_64-debian-gcc | 0.50 | 5.25 | 63.21 | 68.46 | OK | |
r-devel-linux-x86_64-fedora-clang | 0.50 | 113.01 | NOTE | |||
r-devel-linux-x86_64-fedora-gcc | 0.50 | 97.15 | NOTE | |||
r-patched-linux-x86_64 | 0.50 | 6.74 | 78.86 | 85.60 | OK | |
r-release-linux-x86_64 | 0.50 | 6.08 | 76.97 | 83.05 | OK | |
r-release-macos-arm64 | 0.50 | NOTE | ||||
r-release-macos-x86_64 | 0.50 | NOTE | ||||
r-release-windows-x86_64 | 0.50 | 17.00 | 104.00 | 121.00 | OK | |
r-oldrel-macos-arm64 | 0.50 | NOTE | ||||
r-oldrel-macos-x86_64 | 0.50 | NOTE | ||||
r-oldrel-windows-ix86+x86_64 | 0.50 | 17.00 | 92.00 | 109.00 | OK |
Version: 0.50
Check: dependencies in R code
Result: NOTE
Namespace in Imports field not imported from: ‘FrF2.catlg128’
All declared Imports should be used.
Flavors: r-devel-linux-x86_64-fedora-clang, r-devel-linux-x86_64-fedora-gcc, r-release-macos-arm64, r-release-macos-x86_64, r-oldrel-macos-arm64, r-oldrel-macos-x86_64
Version: 0.50
Check: Rd cross-references
Result: NOTE
Undeclared package ‘BsMD’ in Rd xrefs
Flavor: r-devel-linux-x86_64-fedora-clang