Last updated on 2022-04-24 03:52:33 CEST.
Flavor | Version | Tinstall | Tcheck | Ttotal | Status | Flags |
---|---|---|---|---|---|---|
r-devel-linux-x86_64-debian-clang | 1.10.3 | 24.75 | 207.63 | 232.38 | OK | |
r-devel-linux-x86_64-debian-gcc | 1.10.3 | 20.24 | 148.26 | 168.50 | OK | |
r-devel-linux-x86_64-fedora-clang | 1.10.3 | 267.87 | NOTE | |||
r-devel-linux-x86_64-fedora-gcc | 1.10.3 | 248.66 | NOTE | |||
r-patched-linux-x86_64 | 1.10.3 | 25.04 | 192.03 | 217.07 | OK | |
r-release-linux-x86_64 | 1.10.3 | 20.56 | 186.15 | 206.71 | NOTE | |
r-release-macos-arm64 | 1.10.3 | NOTE | ||||
r-release-macos-x86_64 | 1.10.3 | NOTE | ||||
r-release-windows-x86_64 | 1.10.3 | 221.00 | 251.00 | 472.00 | OK | |
r-oldrel-macos-arm64 | 1.10.3 | NOTE | ||||
r-oldrel-macos-x86_64 | 1.10.3 | NOTE | ||||
r-oldrel-windows-ix86+x86_64 | 1.10.3 | 39.00 | 211.00 | 250.00 | NOTE |
Version: 1.10.3
Check: Rd cross-references
Result: NOTE
Undeclared package ‘scales’ in Rd xrefs
Flavor: r-devel-linux-x86_64-fedora-clang
Version: 1.10.3
Check: data for non-ASCII characters
Result: NOTE
Note: found 3 marked UTF-8 strings
Flavors: r-devel-linux-x86_64-fedora-clang, r-devel-linux-x86_64-fedora-gcc, r-release-macos-arm64, r-release-macos-x86_64, r-oldrel-macos-arm64, r-oldrel-macos-x86_64
Version: 1.10.3
Check: R code for possible problems
Result: NOTE
grobCoords.pp_grobCoords: no visible global function definition for
‘emptyGrobCoords’
grobPoints.pp_grobCoords: no visible global function definition for
‘emptyGrobCoords’
xylists_to_grobcoords: no visible global function definition for
‘gridCoords’
xylists_to_grobcoords : <anonymous>: no visible global function
definition for ‘gridCoords’
xylists_to_grobcoords: no visible global function definition for
‘gridGrobCoords’
Undefined global functions or variables:
emptyGrobCoords gridCoords gridGrobCoords
Flavors: r-release-linux-x86_64, r-release-macos-arm64, r-release-macos-x86_64, r-oldrel-macos-arm64, r-oldrel-macos-x86_64, r-oldrel-windows-ix86+x86_64