Last updated on 2022-04-24 03:52:33 CEST.
Flavor | Version | Tinstall | Tcheck | Ttotal | Status | Flags |
---|---|---|---|---|---|---|
r-devel-linux-x86_64-debian-clang | 1.1.3 | 39.94 | 71.96 | 111.90 | OK | |
r-devel-linux-x86_64-debian-gcc | 1.1.3 | 32.39 | 51.71 | 84.10 | OK | |
r-devel-linux-x86_64-fedora-clang | 1.1.3 | 155.13 | NOTE | |||
r-devel-linux-x86_64-fedora-gcc | 1.1.3 | 125.76 | NOTE | |||
r-patched-linux-x86_64 | 1.1.3 | 37.68 | 66.58 | 104.26 | OK | |
r-release-linux-x86_64 | 1.1.3 | 37.21 | 63.24 | 100.45 | OK | |
r-release-macos-arm64 | 1.1.3 | NOTE | ||||
r-release-macos-x86_64 | 1.1.3 | NOTE | ||||
r-release-windows-x86_64 | 1.1.3 | 42.00 | 106.00 | 148.00 | OK | |
r-oldrel-macos-arm64 | 1.1.3 | NOTE | ||||
r-oldrel-macos-x86_64 | 1.1.3 | NOTE | ||||
r-oldrel-windows-ix86+x86_64 | 1.1.3 | 89.00 | 108.00 | 197.00 | OK |
Version: 1.1.3
Check: installed package size
Result: NOTE
installed size is 10.2Mb
sub-directories of 1Mb or more:
libs 9.9Mb
Flavors: r-devel-linux-x86_64-fedora-clang, r-release-macos-arm64, r-release-macos-x86_64, r-oldrel-macos-arm64, r-oldrel-macos-x86_64
Version: 1.1.3
Check: dependencies in R code
Result: NOTE
Namespace in Imports field not imported from: ‘utils’
All declared Imports should be used.
Flavors: r-devel-linux-x86_64-fedora-clang, r-devel-linux-x86_64-fedora-gcc, r-release-macos-arm64, r-release-macos-x86_64, r-oldrel-macos-arm64, r-oldrel-macos-x86_64