Last updated on 2022-04-24 03:52:33 CEST.
Flavor | Version | Tinstall | Tcheck | Ttotal | Status | Flags |
---|---|---|---|---|---|---|
r-devel-linux-x86_64-debian-clang | 0.1.1 | 2.39 | 41.15 | 43.54 | NOTE | |
r-devel-linux-x86_64-debian-gcc | 0.1.1 | 1.69 | 30.98 | 32.67 | NOTE | |
r-devel-linux-x86_64-fedora-clang | 0.1.1 | 54.02 | NOTE | |||
r-devel-linux-x86_64-fedora-gcc | 0.1.1 | 40.28 | NOTE | |||
r-patched-linux-x86_64 | 0.1.1 | 1.83 | 38.79 | 40.62 | NOTE | |
r-release-linux-x86_64 | 0.1.1 | 1.76 | 38.00 | 39.76 | NOTE | |
r-release-macos-arm64 | 0.1.1 | NOTE | ||||
r-release-macos-x86_64 | 0.1.1 | NOTE | ||||
r-release-windows-x86_64 | 0.1.1 | 28.00 | 62.00 | 90.00 | NOTE | |
r-oldrel-macos-arm64 | 0.1.1 | NOTE | ||||
r-oldrel-macos-x86_64 | 0.1.1 | NOTE | ||||
r-oldrel-windows-ix86+x86_64 | 0.1.1 | 5.00 | 48.00 | 53.00 | NOTE |
Version: 0.1.1
Check: LazyData
Result: NOTE
'LazyData' is specified without a 'data' directory
Flavors: r-devel-linux-x86_64-debian-clang, r-devel-linux-x86_64-debian-gcc, r-devel-linux-x86_64-fedora-clang, r-devel-linux-x86_64-fedora-gcc, r-patched-linux-x86_64, r-release-linux-x86_64, r-release-macos-arm64, r-release-macos-x86_64, r-release-windows-x86_64, r-oldrel-macos-arm64, r-oldrel-macos-x86_64, r-oldrel-windows-ix86+x86_64